m).
-1
Let z(d) = -d**2 - 4*d - 3. Let t be 2 - (9 + -3 + -1). Let s be (1 + 3)*(-4 - t). Give z(s).
-3
Let l be 2/(-5) + (-488)/(-20). Let d = l - 22. Let g be (d/(-2))/(-4 - -5). Let h(s) = 7*s**2 + s + 1. Determine h(g).
7
Let w(r) = r**3 + 4*r**2 + 4*r + 3. Let f = 1 + -3. Let t be w(f). Let d(o) = -o**2 - 4. Calculate d(t).
-13
Let p be (3 + -5)/((-3)/6). Suppose 8*o - p*o = -28. Let r be o/(-1) - (0 - -3). Let a(n) = -2*n - 1. Calculate a(r).
-9
Suppose 2*k - 3*k = -4*v - 19, 5*v - 4*k + 21 = 0. Let n(s) = 2*s + 16. Let h be n(v). Let g(u) = u**3 - 5*u**2 - 3*u - 7. Give g(h).
11
Let d(i) = i**3 + 3*i**2 + 2*i - 3. Suppose 3*g = 3*r + r + 5, 5*r = -4*g - 14. Let o be ((-10)/(-30))/(2*r/36). Give d(o).
-9
Let k(o) be the second derivative of -1/60*o**5 - 2*o**2 - 2*o - 1/6*o**4 + 0 + o**3. Let b(q) be the first derivative of k(q). Calculate b(-6).
-6
Suppose -w = -7*u + 12*u - 74, 3*u = -3*w + 54. Let o(h) = -h + 8. What is o(u)?
-6
Let h(g) = 2*g. Let z(u) = -u - 7. Let b be z(-9). Let t be h(b). Let r(l) = l - 2. What is r(t)?
2
Let m(x) = -2 - 19*x**3 + 17*x**3 + 2*x - 3*x**3 + 3*x**2. Calculate m(-2).
46
Let s(a) = -a**2 + 6*a. Suppose 2*d = 22 - 2. Let l = 12 - d. Suppose 2*i - l = 4. Calculate s(i).
9
Let m = 2 + 1. Suppose -3*j - 12 - m = 0. Let t(k) = -2*k - 10. Let l(h) = h + 1. Let s(q) = -3*l(q) - t(q). Determine s(j).
12
Let p(o) be the second derivative of 2*o**3/3 + o**2/2 - 2*o - 1. What is p(-1)?
-3
Let b(x) = 2*x + 6*x + 0*x - 3*x**2 - 5*x. Let w(k) = 7*k**2 - 5*k. Let p(q) = 9*b(q) + 4*w(q). Calculate p(-7).
0
Let n(t) = -10*t**2 - 3*t. Let f(h) = 70*h**2 + 22*h. Let k(v) = -6*f(v) - 44*n(v). What is k(1)?
20
Let z(s) = -s**3 - 7*s**2 + s + 1. Let g(f) = -f**3 - f**2 - 7. Let k be g(0). What is z(k)?
-6
Let r be 1/5 - 19/(-5). Suppose 0 = r*u + u - 25. Suppose -u*n - 21 = x - 2*x, -3*x = -5*n - 13. Let v(m) = m**2 + 3*m - 6. What is v(n)?
4
Let f(q) = -4*q + 1. Let o be f(-1). Suppose 0 = -y + o*m, 5*y = -0*m + 4*m + 42. Let t(b) = y - 10 + b**2 - 7*b. Calculate t(7).
0
Let y(h) = -2*h + h**2 + 8929 - 7*h - 8910. What is y(6)?
1
Let b(k) = 27 + 0*k + 28 - k - 75 + 25. Give b(7).
-2
Let a be (-3300)/(-42) + 6/14. Let z = a + -85. Let c(q) = -q**2 - 6*q + 1. What is c(z)?
1
Let f(m) = 6*m - 2. Suppose 2 = 3*x - 4. Suppose 3*b + 5*v - 27 = 0, -5*b - x*v + 35 = 3*v. Let w(p) = 5*p - 1. Let h(k) = b*f(k) - 5*w(k). Determine h(3).
-6
Let s be (((-54)/54)/((1/1)/1))/1. Let h(k) = -k. Suppose 36 = 2*f - 4. Let z(y) = -6*y. Let o(p) = f*h(p) - 2*z(p). Give o(s).
8
Let t(q) = q**3 + 9*q - 2*q**3 + 29*q**2 - 37*q**2 + 0*q**3. Determine t(-9).
0
Let u be (0 - -2)/(-1) + 4. Let h(b) be the first derivative of -b**5/40 - 14*b**3/3 - 20. Let y(a) be the third derivative of h(a). Determine y(u).
-6
Let c(o) = o**3 - 5*o**2 + 6*o - 1. Suppose 4*b - 4 = 5*w - 16, 5*w + 5*b = 30. Calculate c(w).
7
Let t be (-2 + 1)/((-2)/(-16)). Let o(u) = 5*u**3 + 9*u**2 + 16*u - 2. Let d(i) = 7*i**3 + 9*i**2 + 20*i - 1. Let k(b) = 2*d(b) - 3*o(b). What is k(t)?
4
Suppose 3*m = 3*a - 24, 0 = -4*a - 2*m + 54 + 2. Let k = a + -9. Let x(b) = -10 - 4*b**2 + 6*b**2 - b**2 + k. Give x(0).
-7
Suppose 0 = 3*f - 9, 0 = 2*j + j - 2*f - 27. Let s be 12/(-66) + (-53)/j. Let w(l) = -3*l + 2*l**2 - 5 + 4*l - l**2 + 5*l. Determine w(s).
-10
Let x(a) be the second derivative of -4*a**2 + 7/12*a**4 - 2 + 23*a - 1/20*a**5 - 5/6*a**3. What is x(6)?
-2
Let g(a) be the first derivative of -a**3/3 - a**2 + 3*a - 2. Suppose 28 = -o + 5*o + 5*b, -3*o = -5*b + 14. What is g(o)?
-5
Suppose -3*s = v - 9, 3*s - 6 = -2*v + 3. Let k(a) = -7*a**3 + 6*a**s + a - 3 + 0 - 5. Give k(0).
-8
Let f(m) = m**2 + m - 28. Let o be f(6). Let t(w) = w**2 - 9*w - 70. Let n be t(o). Let h(g) = -g**3 - 13. What is h(n)?
-13
Suppose 0 = 2*m + m - 90. Suppose -4*f = f - m. Let c(x) = -5*x**3 + 6 + f*x**3 - 3 - 4*x**2. Determine c(4).
3
Suppose 2*q + 3*z - 2 = 0, 3*q - 8*q - 5*z = -5. Let k be q + -1 + (1 - 2). Let h(g) = 20*g**3 - 2*g - 1. Determine h(k).
-19
Suppose -4*r = -0*r + 40. Let v(q) = q**2 + 12*q + 4. Calculate v(r).
-16
Let h(s) be the third derivative of -s**6/120 + s**5/10 - s**4/6 + 2*s**3/3 - 2*s**2 + 102. Give h(6).
-20
Let p = -448 + 458. Let v(b) = -14*b + 21. Let g(z) = 9*z - 14. Let s(y) = -8*g(y) - 5*v(y). What is s(p)?
-13
Let p(f) = f**3 + 6*f**2 - 6*f - 4. Suppose -s = -5*s - u - 24, 0 = -3*s - 3*u - 18. What is p(s)?
32
Let z(x) = -53*x + 108*x + 2 - 54*x. Let n = 10 - 12. What is z(n)?
0
Let q(k) = 2*k + 30. Let r(d) = 6*d - 206. Let a be r(32). Determine q(a).
2
Let h = 161 - 160. Let m(u) = h + 18 - 21 + u. Determine m(2).
0
Let a(y) = 2*y**2 - 22*y + 5. Let s(v) = v**2 - 9*v + 2. Let q(c) = -3*a(c) + 7*s(c). Suppose 5*f = -0*f - 25. What is q(f)?
9
Let w(i) = i + 4. Suppose -5*z + 39 = -2*z. Suppose 2*o + 2*a = z - 1, a = 3*o - 2. Let k = o - 6. Calculate w(k).
0
Let q(p) = -2*p - 4. Suppose -11*i = 3*m - 10*i + 26, 0 = 2*m - i + 9. Give q(m).
10
Let g(z) = -z**2 - 7*z + 9. Suppose 34*y - 3*o = 36*y + 29, 2*y - 5*o + 5 = 0. Determine g(y).
-21
Let g(r) be the first derivative of r**4/12 - r**3/6 - 9*r**2/2 - 6*r + 1. Let f(u) be the first derivative of g(u). What is f(0)?
-9
Let q = -20 + 43. Let s = q - 26. Let o(u) = -u**2 - u. Let z(f) = f**3 + 7*f**2 + 7*f - 4. Let h(r) = -4*o(r) - z(r). Give h(s).
13
Let b(c) = 122*c**3 - 3 - 9*c**2 - c - 58*c**3 - 8*c - 63*c**3. Give b(10).
7
Suppose -4*m = 3*z + 2*z - 10, 4*z + 4*m - 8 = 0. Let g(l) = -2 - 8*l + 6*l**2 - z*l**2 - 3*l**2 - 1. Determine g(8).
-3
Let b(v) = 9*v**3 - v**2 + v. Let c = -9 - -30. Let y = 22 - c. Calculate b(y).
9
Let p be (-1 + (-2 - -5))/1. Suppose q = -q - p. Let s(x) = -2*x + 504*x**2 - 507*x**2 + x. Calculate s(q).
-2
Let m(c) = 17 - 62 + c**2 + 17 + 12 + 15 - 8*c**3. Suppose -4*o - 5*z - 29 = 0, z + 3 = -2. Determine m(o).
8
Let v be 111/15 - 6/(-10). Suppose k + v = -0*k. Let m = k - -14. Let g(l) = -l**3 + 5*l**2 + 7*l. Calculate g(m).
6
Suppose 0 = -15*o + o + 28. Let m(h) = -h**3 + h. Give m(o).
-6
Let p(u) = 15*u + 9. Let l(r) = -7*r - 5. Let j(k) = -7*l(k) - 4*p(k). Let g(n) = 76*n - 75. Let a be g(1). Give j(a).
-12
Let l(x) = 2 + 7*x + 7*x + 10*x - 27*x + 4*x. Calculate l(-10).
-8
Let y = -306 + 304. Let a(s) = s + 1. Let p(n) = -6*n - 2. Let w(r) = 2*a(r) + p(r). Calculate w(y).
8
Let a(b) = -3*b. Suppose -3*c = 4*j - 2 + 7, -3*j - 6 = 0. Let u be a(c). Let x(v) = v**2 - 5 + 0*v**2 + 1 + 1 + 5*v. Determine x(u).
-9
Let w(j) = 2*j - 2. Suppose -10*q + 21*q = -22. What is w(q)?
-6
Let l(s) = s + 9. Let y be l(-6). Let w(c) = 2*c + y*c - 5 - 6*c. Give w(-5).
0
Let q(f) be the first derivative of -f**3 + 5*f**2/2 - 305. Give q(-4).
-68
Let k(y) = y**3 + 7*y**2 + 5*y + 9. Let l(v) = 26 + 5*v - 12 - 8*v**2 - 17. Let j be l(1). Give k(j).
15
Let v(k) = 6*k**2 - 5*k - 7. Let f(l) = l**3 - l**2 + l + 1. Let t(p) = 6*f(p) + v(p). Let o = 54 + -53. Determine t(o).
6
Let r = -47 - -67. Suppose -t - w - 11 = 2*w, 0 = -5*w - r. Let p(f) = f - 5. Let a(l) = -3*l + 11. Let h(y) = -4*a(y) - 9*p(y). Calculate h(t).
4
Let g(i) = 2*i**2 - 20*i - i**2 + 6*i + 6*i - 23 + 22*i. Calculate g(-15).
-8
Let t(l) = -l + 5. Suppose 5*h - 59 = -4*o, -5*h - 5*o + 39 = -21. Let c(b) = 4*b - 26. Let i(z) = h*t(z) + 2*c(z). Let v be (-2)/4 - (-14)/4. Calculate i(v).
-6
Suppose 0*u + 2*u = -6*u. Let p(n) = -5*n. Determine p(u).
0
Let r(v) = 2*v**3 + 19*v**2 - 3*v + 38. Let d(c) = c**3 + 9*c**2 - c + 18. Let t(k) = -13*d(k) + 6*r(k). What is t(-4)?
30
Let y(m) be the second derivative of 0 - 1/2*m**3 - 7/2*m**2 + 16*m. What is y(-5)?
8
Let u(d) = d - 5. Let y(q) = 91*q - 453. Let c be y(5). What is u(c)?
-3
Let u(j) = 7*j - 24. Let y be u(9). Let h = -38 + y. Let v(w) = 2*w. Calculate v(h).
2
Let z(l) = -l**3 - l**2 + l + 5. Suppose -5*t + 10*t + 27*t = 0. Calculate z(t).
5
Let q(l) = -533*l + 269*l + 1 + 269*l. What is q(-2)?
-9
Let p(o) be the first derivative of 3*o**2/2 - 6*o + 179. Calculate p(5).
9
Suppose 0*o - 2*o - 10 = 0. Let j(l) be the third derivative of -1/24*l**4 - 16*l**2 + 0 - 5/6*l**3 + 0*l. Determine j(o).
0
Let h(j) be the first derivative of -j**2/2 - 7*j + 80. Give h(-5).
-2
Suppose -p = a - 4 + 1, -p + 5 = 3*a. Suppose -p = 4*u + 14. Let g(n) = n**3 + 4*n**2 - n - 1. Calculate g(u).
3
Suppose -4*h - 8